{"id":75,"date":"2013-07-02T17:23:27","date_gmt":"2013-07-02T17:23:27","guid":{"rendered":"http:\/\/totalsecurity.com.uy\/wp\/?page_id=7"},"modified":"2013-07-02T17:23:27","modified_gmt":"2013-07-02T17:23:27","slug":"quienes-somos","status":"publish","type":"page","link":"https:\/\/totalsecurity.com.uy\/site\/quienes-somos\/","title":{"rendered":"Nuestra Empresa"},"content":{"rendered":"<h3><a href=\"https:\/\/totalsecurity.com.uy\/site\/wp-content\/uploads\/2013\/07\/1-1.jpg\"><img loading=\"lazy\" decoding=\"async\" class=\"alignleft size-full wp-image-40\" alt=\"1\" src=\"https:\/\/totalsecurity.com.uy\/site\/wp-content\/uploads\/2013\/07\/1-1.jpg\" width=\"231\" height=\"288\" \/><\/a><\/h3>\n<p><span style=\"color: #006699;\"><strong>TOTAL SECURITY<\/strong><\/span>\u00a0<span style=\"color: #000000;\"> es una \u201cEmpresa joven\u201d, en pleno desarrollo, orientada exclusivamente a la satisfacci\u00f3n del Cliente. Contamos con Personal Altamente Capacitado y con marcada Vocaci\u00f3n de Servicio.<\/span><\/p>\n<p><span style=\"color: #000000;\">Nuestro \u00e9xito comienza con el simple hecho de saber escuchar e interpretar las necesidades de los potenciales Clientes, estudiamos cada caso en particular,\u00a0 y elaboramos una propuesta de trabajo a medida, teniendo en cuenta cada detalle.<\/span><\/p>\n<p>__________________________<\/p>\n<p>&nbsp;<\/p>\n<p>&nbsp;<\/p>\n<p>&nbsp;<\/p>\n<p>&nbsp;<\/p>\n<p><span style=\"color: #006699;\"><strong>Nuestra Misi\u00f3n<\/strong><\/span><\/p>\n<p>Es contribuir con las organizaciones a crear ambientes productivos con un alto nivel de seguridad a trav\u00e9s de servicios integrales de seguridad, basados en los requisitos espec\u00edficos de nuestros Clientes, con Personal Altamente Calificado.<\/p>\n<p><span style=\"color: #006699;\"><strong>Nuestra Visi\u00f3n<\/strong><\/span><\/p>\n<p>Pretendemos ser una empresa l\u00edder en calidad de los servicios brindados, competitiva, confiable, rentable, contando con las \u00faltima tecnolog\u00edas,\u00a0 y sobre todo, con un equipo humano comprometido e identificado con los objetivos de la Empresa, priorizando siempre colmar y superar las expectativas de nuestros Clientes.<\/p>\n","protected":false},"excerpt":{"rendered":"<p>TOTAL SECURITY\u00a0 es una \u201cEmpresa joven\u201d, en pleno desarrollo, orientada exclusivamente a la satisfacci\u00f3n del Cliente. Contamos con Personal Altamente Capacitado y con marcada Vocaci\u00f3n de Servicio. Nuestro \u00e9xito comienza con el simple hecho de saber escuchar e interpretar las necesidades de los potenciales Clientes, estudiamos cada caso en particular,\u00a0 y elaboramos una propuesta de &hellip; <\/p>\n<p><a class=\"more-link btn\" href=\"https:\/\/totalsecurity.com.uy\/site\/quienes-somos\/\">Seguir leyendo<\/a><\/p>\n","protected":false},"author":1,"featured_media":0,"parent":0,"menu_order":0,"comment_status":"open","ping_status":"open","template":"","meta":{"footnotes":""},"class_list":["post-75","page","type-page","status-publish","hentry","nodate","item-wrap"],"_links":{"self":[{"href":"https:\/\/totalsecurity.com.uy\/site\/wp-json\/wp\/v2\/pages\/75","targetHints":{"allow":["GET"]}}],"collection":[{"href":"https:\/\/totalsecurity.com.uy\/site\/wp-json\/wp\/v2\/pages"}],"about":[{"href":"https:\/\/totalsecurity.com.uy\/site\/wp-json\/wp\/v2\/types\/page"}],"author":[{"embeddable":true,"href":"https:\/\/totalsecurity.com.uy\/site\/wp-json\/wp\/v2\/users\/1"}],"replies":[{"embeddable":true,"href":"https:\/\/totalsecurity.com.uy\/site\/wp-json\/wp\/v2\/comments?post=75"}],"version-history":[{"count":0,"href":"https:\/\/totalsecurity.com.uy\/site\/wp-json\/wp\/v2\/pages\/75\/revisions"}],"wp:attachment":[{"href":"https:\/\/totalsecurity.com.uy\/site\/wp-json\/wp\/v2\/media?parent=75"}],"curies":[{"name":"wp","href":"https:\/\/api.w.org\/{rel}","templated":true}]}}